is the highest common factor of 1 and k?
1
Let u(g) be the second derivative of -2*g - 2*g**2 + 7/6*g**3 + 0. Let h be u(4). Calculate the greatest common factor of h and 36.
12
Let m = -30 - -52. Calculate the highest common divisor of m and 11.
11
Let w be (-6)/27 - 843/(-27). Suppose -5*p + w = -39. What is the greatest common divisor of 98 and p?
14
Let q = 6 - -60. Let o = -33 + q. What is the highest common divisor of 11 and o?
11
Let l be 16/12*(1 + 29). What is the greatest common divisor of l and 10?
10
Suppose -2*u - 3 = 1. Let q be u/((-5)/(30/4)). What is the greatest common factor of 21 and q?
3
Let l = 62 + -97. Let c = l - -55. What is the highest common factor of 4 and c?
4
Let t be (0/1 - -28)*(-5)/(-10). Let v = 79 + -23. Calculate the highest common factor of t and v.
14
Let a = -89 - -245. Let n = -111 + a. Calculate the highest common factor of 5 and n.
5
Suppose 0 = -5*b + 3*r + 207 - 67, -b + 28 = 3*r. Let d = 12 - -2. What is the highest common divisor of d and b?
14
Let q(f) be the second derivative of -f**3/3 + f**2 - f. Let j be q(-5). Let t = j - 2. What is the greatest common divisor of t and 50?
10
Suppose 0 = 5*s - 4*k + 2, k + 5 = -4*s + 16. Suppose s*w = w + 70. Calculate the greatest common factor of w and 10.
10
Let r = 17 - 3. What is the highest common divisor of 14 and r?
14
Let j(x) = -x + 17. Let z be j(-8). What is the highest common factor of 200 and z?
25
Suppose s - 48 = -5*s. What is the greatest common factor of s and 32?
8
Let k = -31 + 61. Calculate the greatest common factor of 6 and k.
6
Suppose -2*q + 5 = -51. Calculate the greatest common factor of q and 14.
14
Suppose -3*v - 2*a + 19 = -0*a, 0 = -3*a - 3. Suppose -10 = -3*z + 2. Suppose 2*s = -4, -4*s = z*n - n - 13. What is the greatest common factor of v and n?
7
Let b = -14 - -23. Suppose 0 = -4*i + 10 + 26. What is the highest common divisor of b and i?
9
Suppose 0*v - 16 = -2*v - 2*a, 0 = -4*a - 16. Let r be 171/27*v/2. Calculate the greatest common factor of r and 19.
19
Let q = -3 + 7. Suppose q*t - 65 = -2*j + 57, 5*t - 153 = -3*j. Let x be (15/6)/((-2)/(-4)). What is the highest common factor of x and t?
5
Let o(g) be the first derivative of 1/3*g**3 + 2*g - 1/4*g**4 - 2 + 0*g**2. Let b be o(-2). What is the highest common factor of b and 126?
14
Suppose -5*s - 6 + 36 = 0. Suppose 0 = -3*d + 9*d - 30. Suppose 19 + d = 2*g. What is the highest common divisor of g and s?
6
Let g = 126 - 108. Let p = 32 + 166. What is the highest common factor of p and g?
18
Let p be 93 + (3/1 - 0). Suppose -f - d + 4 + 8 = 0, -4*f = d - 39. Suppose -l = r - f, 26 = 3*r - 3*l - 19. What is the greatest common factor of p and r?
12
Let g(y) = -y**2 + 10*y + 19. Let u be g(10). Calculate the highest common divisor of u and 19.
19
Let b(f) = 34*f + 2. Let w be b(2). Calculate the greatest common factor of 105 and w.
35
Suppose c + 923 = 5*p - 670, -p + 311 = -4*c. What is the highest common factor of p and 29?
29
Let x = -2 - 11. Let i(t) = -t**2 - 15*t - 15. Let f be i(x). Let n = 71 + -38. Calculate the highest common divisor of n and f.
11
Let f(k) = -1 - 3 + 9*k**2 + 2*k**3 - 3*k**3 + 0*k**3. Let q be f(8). Suppose -q = o - 4*o. What is the highest common factor of o and 4?
4
Let k be (2/(-3))/(1/(-12)). Suppose -n + 4 = 0, 0 = -3*q - 2*n + 6*n - 91. Let g = q + 37. What is the greatest common factor of g and k?
4
Let k = -29 - -48. Calculate the greatest common factor of 152 and k.
19
Suppose -b = 3*b - 3*j - 570, -b + 2*j + 140 = 0. What is the greatest common factor of b and 9?
9
Let y(l) = -3*l**3 + 4*l**2 - l - 8. Let v be y(-3). Calculate the highest common factor of v and 14.
14
Let p = 174 + -307. Let n = -73 - p. Calculate the greatest common factor of n and 20.
20
Let d be 28 + (1 + -4 - -5). Let y = 90 - d. What is the highest common divisor of 12 and y?
12
Suppose -3*x = 2*x + 20. Let n = x - -1. Let v be (1 - 0) + (-1 - n). What is the greatest common factor of 9 and v?
3
Let j(k) = -3*k**3 + 2*k**2 + 4*k + 2. Let v be j(-2). Let b be (1/1)/(2/v). Let o = b + -4. Calculate the highest common divisor of 27 and o.
9
Suppose -b = -3*i - 0*i + 6, -4*b + 15 = i. Let m be i*-10*(-12)/9. Suppose 40 = 3*f + f. What is the greatest common factor of m and f?
10
Let n be (-5 - -2)/((-6)/(-76)). Let y = -24 - n. Let a be (84/(-2))/(3/(-2)). What is the greatest common divisor of a and y?
14
Let z be -3 - (-3 - 0)/1 - -43. What is the greatest common factor of z and 473?
43
Let b = 8 - 6. Suppose b*d = 16 - 2. Calculate the greatest common divisor of d and 14.
7
Let z(v) = 18*v**2 + v - 1. Let y be z(-1). Let t be (y/(-3))/(7/(-42)). Calculate the highest common factor of 4 and t.
4
Suppose 5*k - 27 = g, -k - 2*g + 1 = -0. Suppose 110 = k*m - 25. Calculate the greatest common divisor of m and 54.
27
Suppose 3*k - 2 = 7. Suppose 5*u - 12 - k = 0. Calculate the greatest common divisor of 3 and u.
3
Let j be (61 + (-6)/(-3))*18/21. Calculate the greatest common factor of 27 and j.
27
Let d be ((-2)/(-2))/(2/18). Let t = d - 30. Let b be (-752)/(-14) - 6/t. Calculate the highest common factor of b and 6.
6
Suppose -16 = -3*g + 47. Calculate the highest common factor of 7 and g.
7
Suppose -222 = -2*x + 3*v, -6*v - 8 = -4*v. Suppose 3*a - 2*u = 51, -u + 8 = a - 4. Calculate the highest common divisor of x and a.
15
Let g = 97 + -81. What is the greatest common divisor of 24 and g?
8
Let k(f) = 5 - 2*f**2 + 2*f + 4*f + f**2. Let z be k(4). What is the greatest common divisor of z and 143?
13
Let g = -14 + 20. Suppose s = 2*s - 2. Calculate the greatest common divisor of s and g.
2
Let l(f) = 5*f**3 - 4*f**2 + 3*f + 2. Let u be l(2). What is the greatest common divisor of 8 and u?
8
Let r be (0 - -1)*(18 - -1). Let a(i) = -i + 2*i**2 - 4*i**2 - 8 + 15*i + 5*i**2. Let o be a(-10). Calculate the greatest common divisor of o and r.
19
Let h(n) = -n**2 - n + 24. Let j be h(0). Let f(v) = v**3 + 15*v**2 + 13*v - 2. Let b be f(-14). Calculate the highest common divisor of j and b.
12
Suppose -t - 4 = 0, -2*r - 5*t - 34 - 80 = 0. Let c = -23 - r. What is the highest common factor of c and 8?
8
Let d(j) = j**2 - 1. Let l be d(-5). Let p be (10/25)/(2/60). What is the highest common divisor of l and p?
12
Let u = -9 + 16. Let p be u - (-2)/1 - -1. Calculate the greatest common divisor of 15 and p.
5
Suppose 5*v - k + 38 = 0, v + 2*k + 18 = -3*k. Let i = v - -21. Suppose 5*q - 39 = 4*q. What is the greatest common divisor of q and i?
13
Let o(s) = 13*s + 1. Let a be o(1). Calculate the greatest common divisor of 28 and a.
14
Let y = 5 - 3. Suppose 4*a - 189 = -3*c, y*c - 15 = -3*c. Let w be 4 - (-5)/(4 + -3). Calculate the greatest common factor of w and a.
9
Let p(z) be the first derivative of z**3/3 + 3*z**2 + 6*z - 3. Let y be p(-6). Calculate the greatest common divisor of y and 9.
3
Let h be 6*5/((-10)/(-3)). What is the greatest common divisor of h and 27?
9
Let q(y) = -y - 1. Let b be q(-1). Let g be b + -1 + 42/3. Calculate the greatest common factor of g and 13.
13
Let n(j) = -40*j**3 - j**2 - 2*j - 1. Let y be n(-1). Suppose 2*f - 4*f = -y. What is the highest common divisor of 8 and f?
4
Suppose -w - 5 = -2*w. Suppose -2*p - 26 = -3*l, -4*l - 3*p = 5 - 51. What is the highest common divisor of w and l?
5
Let n(g) = -g**3 - 4*g**2 - 4*g. Let b be n(-3). Suppose -b*u + 19 = 4*q, -2*u = -q - 2*q - 24. What is the greatest common factor of 99 and u?
9
Suppose 5*d = -t - 24, -t = t + 4*d + 18. Let r = -4 - -6. What is the highest common divisor of t and r?
1
Suppose -30 = -10*z + 5*z. Let j = -6 + 12. Let l be j/(-8) - 117/(-12). Calculate the greatest common divisor of z and l.
3
Suppose 314 - 34 = 5*t. What is the greatest common divisor of 7 and t?
7
Suppose 3*q - 189 = -4*q. Suppose 0 = -4*l + 4*y + 56, -4*y = 5*l - 15 - 10. What is the greatest common divisor of q and l?
9
Let w be (-5)/4*4/(-1). Suppose -64 - 96 = -4*h. Calculate the highest common divisor of w and h.
5
Suppose -5*x = -10*x + g + 5, 4*x - 5*g = -17. Let v be (x*6)/(21/28). Let u = v - 8. What is the greatest common factor of 88 and u?
8
Let g = -5 - -8. Suppose o - 13 + g = 0. Suppose -o = -3*p + p. Calculate the greatest common factor of 45 and p.
5
Let t(d) = 4 - d**2 + 1 - 7*d - 2. 